posite number?
True
Suppose 2*j + 7*j = -42399. Is (-1)/((49/j)/7) a composite number?
False
Let r be 7 + -5 + (3 - 6). Is 1088835/55*-1*r/3 prime?
True
Let t(w) = -298*w + 55. Let h(g) = -296*g + 53. Let n(m) = -5*h(m) + 6*t(m). Is n(-15) composite?
True
Suppose 0 = 2*i + 4*q - 1111606, 0 = 5*i - q - 2275604 - 503378. Is i prime?
False
Let j = 269527 - 122814. Is j prime?
False
Suppose 7*n + 2005 - 12197 = 0. Suppose 12*r - n = 5*r. Let g = r - -425. Is g a prime number?
False
Suppose 1068*m - 1066*m - 2*p - 125430 = 0, -4*m - 2*p = -250836. Is m prime?
False
Let v(i) = -i - 27 - 16*i + 10 + 12. Let m be -6 - (1 - 1/1). Is v(m) prime?
True
Let h be (339/(-226))/((-2)/4 + 0). Suppose 5*n = -4*t + 46387, -t + 2*n - 23196 = -h*t. Is t prime?
False
Let q(u) = -13920*u + 7391. Is q(-13) a composite number?
False
Is (-19036)/(7 + -13 + 4) composite?
True
Suppose 18*u - 405330 = 21524592. Is u a prime number?
False
Suppose 1 = -3*u - 2, 5*u = -2*q + 4953. Suppose 3*s + 5*j = q, 0 = -s - 2*s - 3*j + 2487. Suppose 4094 - s = 3*y. Is y a prime number?
True
Let l = 84 - 88. Is (12/l*17132/(-6))/2 prime?
True
Let g = 812 - 494. Let u = 1043 + g. Is u a prime number?
True
Let r be (-80)/(-38) + (-24)/228. Suppose -r*c + 4*d + 1106 = 0, d - 745 = 5*c - 3510. Is c a prime number?
False
Is ((-14732)/(-6) - -1)/(73/6351) prime?
False
Let b be 8 + -3 + 30 + -2. Suppose b*f = -14*f + 624677. Is f a composite number?
False
Let n be (-4)/14 - (-176)/28. Let y(q) = 95*q - 7. Is y(n) composite?
False
Let j(l) = -5*l - 27. Let y(t) = -t**3 + 4*t**2 - 4*t + 9. Let m be y(4). Let o be j(m). Is ((-52)/o)/((-2*1)/212) a prime number?
False
Let y(r) = 23*r**2 - 2*r + 11. Let l be y(3). Let x be (-2*l)/((-2)/(-7)). Let d = x - -2457. Is d a prime number?
False
Is (-10)/15*24858525/(-50) prime?
True
Let r(b) = 64*b**2 + 2*b + 4. Let h(f) = f**2 + 12*f + 22. Let x be h(-10). Let j be r(x). Let y = 555 - j. Is y a composite number?
True
Let d be 0 + 1 - (13 + -7 - 7). Suppose -4*j + 0*m + m + 8212 = 0, j = d*m + 2053. Is j a composite number?
False
Let o(h) = h + 10. Let z be o(-3). Let p = z - 3. Is (4/(-8))/(p/(-5416)) prime?
True
Suppose 65*y - 69*y + 567060 = 2*f, 2*f - 425299 = -3*y. Is y a composite number?
False
Suppose -2*a = -12*a + 6*a + 774236. Is a composite?
False
Let v be ((-10)/(-3) - 3)/(1/2097). Let y = -18 - 122. Let i = y + v. Is i a composite number?
True
Let a(w) = -114*w**3 + 5*w**2 - 22*w - 8. Is a(-7) a composite number?
True
Suppose -57055 - 100800 = -3*v - 2*k, k - 210475 = -4*v. Is v a composite number?
True
Let g(w) = -939*w**3 - 12*w**2 - 68*w - 11. Is g(-6) a prime number?
False
Let v(c) = 67*c**2 - 26*c - 12. Let a be v(-5). Suppose 12*j + a = 20069. Is j a composite number?
False
Suppose 18*v - 19*v = -5*u + 250740, -5*v - 250720 = -5*u. Let t = u + -26552. Is t prime?
False
Let t(l) = 15118*l**3 + 67*l**2 + 4*l - 7. Is t(2) a composite number?
True
Let g = -211 - -232. Suppose 0 = -18*r + g*r - 90867. Is r a composite number?
True
Let z = 51 + -51. Suppose -5*p = 4*h - 379, z = -2*h + p - 46 + 239. Let q = 319 - h. Is q composite?
False
Suppose 2*c + 2*f = -0*f + 2, 5*f = -4*c. Suppose -c*v + 0*v + 25 = 0. Suppose 4*x = 3*y + 12517, -3121 = -x + 3*y - v*y. Is x composite?
True
Suppose 173444 + 1142376 = 20*i. Is i composite?
True
Let n be 149 + -7 - (1 - 1). Suppose 4*r + 3*i - 544 = 5*i, r = 2*i + n. Suppose 0 = -8*a + 42 + r. Is a a composite number?
True
Suppose 1036 = -12*q + 5*q. Suppose -515 = -0*h + h. Let v = q - h. Is v prime?
True
Is (-7)/2 + (-550011897)/(-1866) composite?
False
Let x = -64 - -30. Let o = x - -40. Let y(l) = -l + 17. Is y(o) a prime number?
True
Suppose -12*q - 3162831 = -26*q - 7*q. Is q prime?
True
Let p be (-26)/(-130) - (2 + (-138)/10). Is 3/((-1)/(25292/p)*-1) a composite number?
False
Suppose -k + 2*t + 6392 = 0, 5*t = -k + 5*k - 25556. Suppose 7*q + 12760 = 11*q - 4*y, -2*q = 2*y - k. Is q composite?
False
Let u be ((-10)/4*-2)/((-2)/694). Let w = -368 - u. Is w composite?
False
Let u(d) = -3*d**2 + 5*d - 4. Let l be u(2). Is (-709)/((l - -6) + -1) composite?
False
Let b(f) = -66*f - 578*f + 86 - 273. Is b(-9) a prime number?
False
Let l = 201 - 198. Suppose 134081 = -5*w - 2*u + 480940, -u + 208115 = l*w. Is w a prime number?
True
Is 323095437/1596 - (-1)/4 a prime number?
True
Let s = 9259 - 3223. Suppose s = -87*w + 91*w. Is w a composite number?
True
Let y(b) = 2*b**3 - 11*b**2 - 15*b + 57. Let s be y(6). Let u = -2 - -2. Suppose u = -s*o - o + 8612. Is o a prime number?
True
Let t(l) = -l**2 - 7*l - 7. Let i be t(-5). Suppose -4*h + 3*h = i, 0 = m - 3*h - 1513. Suppose -10*r + m = -406. Is r composite?
False
Let o(z) = 11541*z**3 - 4*z**2 + 6*z - 4. Let y = -164 - -165. Is o(y) a prime number?
False
Suppose 0 = 157*y - 156*y - 6. Is 0/y + 2 + -2 + 319 prime?
False
Let i = 400 + -393. Is 6/6 + 1536*i a composite number?
False
Suppose -a + i + 11 = 0, i = -5*a + 11 + 38. Suppose 13*v = a*v + 9171. Suppose 4*u - v = 6227. Is u composite?
True
Let j(x) = -x**3 - x**2. Let i = 50 - 51. Let u be j(i). Is (-1)/((-1 - u)/(94 - 5)) a prime number?
True
Let d(u) = 4*u**2. Let f be d(-1). Suppose 0 = -2*j + 15834 - 3786. Suppose f*s = -8*s + j. Is s a composite number?
True
Let t(h) = 611*h**3 - 2*h**2 + 56*h - 120. Is t(7) prime?
False
Suppose j - 5*k - 18608 = 2084, 82787 = 4*j - k. Suppose 22*n = j - 4307. Is n prime?
False
Suppose 4*f = -2*r + 12, -3*r + 12 = -5*r + 2*f. Is 0/r - -1 - -30261 a prime number?
False
Let w = 53847 - 16450. Is w a prime number?
True
Suppose 9*i + 2838 = 489. Let m(x) = x**3 + 7*x**2 + 5*x - 8. Let h be m(-6). Is h/(2*2/(-4)) - i prime?
True
Suppose 59*t = 3*w + 63*t + 8, 3*w = 5*t + 37. Suppose w*r - 4*c = 2208, 0 = -2*r + 5*c + 991 + 116. Is r a composite number?
True
Let z(y) = 3*y - 6. Let x be z(3). Suppose -4*t - 2710 = -2*k, k = 5*k - x*t - 5435. Is k prime?
True
Suppose 2*t = 3*t - w - 6, -3*w = 12. Suppose -8166 + 2322 = -2*n + t*i, -2942 = -n - 3*i. Is n a composite number?
False
Suppose 0 = -5*m + 3 - 38, 4*m = -z + 304083. Is z prime?
False
Suppose 182999 = 3*a - m, -24*m - 244024 = -4*a - 29*m. Is a a prime number?
True
Let j be (62/4)/((-4)/(-544)*4). Suppose -6*v + 246 = -5*v - n, -2*v - 5*n = -j. Is v a composite number?
False
Let r(d) = 337*d**2 - 163*d + 5651. Is r(29) prime?
True
Let t(p) be the second derivative of 3*p**4/4 + 7*p**3/6 + 15*p**2 + 25*p. Let v be t(12). Suppose 4509 = 3*a - v. Is a a prime number?
True
Let q = -8 - -4. Let n be (-50)/q*(-1422)/(-9). Suppose 5*b = n - 460. Is b a composite number?
True
Let o(l) = 360*l**2 - 5*l + 5. Let n be -1 - (4 + -2 - -1). Let x be o(n). Let y = x + -3704. Is y a composite number?
False
Let u be (-1727)/(-22)*2*3. Let c = u - 245. Let z = 411 - c. Is z a prime number?
False
Let s be (-4 + (-12)/(-4))*-5. Suppose -2*p = -s*p + 6. Suppose 1813 = v + 2*x, -p*v + 2*x = -x - 3647. Is v a composite number?
True
Let f(i) = -i**3 - 16*i**2 + 8*i - 42. Let w be f(-17). Let v = 1670 + w. Is v composite?
True
Let b(r) = 28*r**2 - 33*r - 177. Is b(-26) a composite number?
False
Let p(i) = i**2 - 15*i + 46. Let c be p(10). Is (534/c)/((-9)/(-90)*-5) prime?
False
Let r be 5051 - -11 - 10/2. Suppose -5*l + 9455 = -5*m, 2*m - r = -4*l + 2495. Is l composite?
False
Let c(m) = 1650*m**3 - 6*m**2 + 9*m + 16. Is c(3) a composite number?
True
Suppose -12832 - 63133 = -3*l - 2*y, -y + 126606 = 5*l. Is l a prime number?
True
Suppose -3*t - 14*u + 15*u + 14059 = 0, 5*t - 3*u = 23429. Is t a composite number?
True
Let l(j) = -6*j**2 - 30*j - 1. Let a be l(-5). Is a/3*2*(-42759)/6 prime?
True
Let q = 142 + -62. Let v = q + -81. Is (917 - -4) + (-1 - v) prime?
False
Suppose -4*j = -2 - 14. Is ((-51)/(-119) + 41374/56)*j composite?
False
Suppose 76720 = 7*a - 56973. Is a a composite number?
True
Suppose 1053270 - 1044795 = -43*w + 6126128. Is w a composite number?
False
Suppose 0 = -3*i - 2*c + 393941, -2*i - 19*c + 262614 = -21*c. Is i composite?
False
Suppose 3*w - 12 = 7*w - 5*l, 2*w - 20 = -4*l. Suppose w*a - 20660 = -2*h, 3*h = 5*a - 22744 - 28938. Is a composite?
True
Let m(x) = 7*x**3 - 11*x**2 + 135*x - 923. Is m(8) prime?
True
Let q(y) = -y + 25. Let d(u) = u - 25. Let r(v) = -6*d(v) - 5*q(v). Let f be r(21). Suppose f*a - 3